{"id":393,"date":"2025-11-19T14:36:37","date_gmt":"2025-11-19T13:36:37","guid":{"rendered":"https:\/\/www.atelier-sacher.at\/?post_type=product&#038;p=393"},"modified":"2026-03-06T11:55:21","modified_gmt":"2026-03-06T10:55:21","slug":"amreif-aus-messing-im-glitzerlook","status":"publish","type":"product","link":"https:\/\/www.atelier-sacher.at\/?product=amreif-aus-messing-im-glitzerlook","title":{"rendered":"Venia"},"content":{"rendered":"<p>Dieser schlichte Armreif wurde sorgf\u00e4ltig von Hand aus Messing gefertigt und besticht durch seine klare, reduzierte Form. Messing ist eine robuste Kupfer-Zink-Legierung, die f\u00fcr ihre warme Goldfarbe, ihre Langlebigkeit und ihre gute Hautvertr\u00e4glichkeit gesch\u00e4tzt wird. Seit Jahrhunderten wird Messing in vielen Kulturen f\u00fcr Schmuck und rituelle Gegenst\u00e4nde verwendet \u2013 oft als Symbol f\u00fcr Schutz, Kraft und Stabilit\u00e4t. Mit seinem zeitlosen Design eignet sich dieser Armreif ideal f\u00fcr den t\u00e4glichen Gebrauch und erg\u00e4nzt jedes Outfit auf dezente, elegante Weise.<\/p>\n","protected":false},"excerpt":{"rendered":"<p>Armreif aus Messing im Glitzerlook<\/p>\n","protected":false},"featured_media":394,"template":"","meta":[],"product_brand":[],"product_cat":[22,26],"product_tag":[74,75,72,54,61,62,134],"class_list":{"0":"post-393","1":"product","2":"type-product","3":"status-publish","4":"has-post-thumbnail","6":"product_cat-armreifen","7":"product_cat-messing","8":"product_tag-armreif","9":"product_tag-festtagsschmuck","10":"product_tag-glitzer","11":"product_tag-gold","12":"product_tag-messing-armreif","13":"product_tag-schlicht","14":"product_tag-venia","15":"product_shipping_class-kleine-pakete","17":"first","18":"instock","19":"shipping-taxable","20":"purchasable","21":"product-type-simple"},"yoast_head":"<!-- This site is optimized with the Yoast SEO plugin v27.1.1 - https:\/\/yoast.com\/product\/yoast-seo-wordpress\/ -->\n<title>Venia - ATELIER SACHER<\/title>\n<meta name=\"description\" content=\"Armreif, hergestellt aus 100% hochwertigem Messing in \u00d6sterreich. Ein Begleiter f\u00fcr einen sch\u00f6nen Anlass. Gr\u00f6\u00dfenverstellbar.\" \/>\n<meta name=\"robots\" content=\"index, follow, max-snippet:-1, max-image-preview:large, max-video-preview:-1\" \/>\n<link rel=\"canonical\" href=\"https:\/\/www.atelier-sacher.at\/?product=amreif-aus-messing-im-glitzerlook\" \/>\n<meta property=\"og:locale\" content=\"de_DE\" \/>\n<meta property=\"og:type\" content=\"article\" \/>\n<meta property=\"og:title\" content=\"Venia - ATELIER SACHER\" \/>\n<meta property=\"og:description\" content=\"Armreif, hergestellt aus 100% hochwertigem Messing in \u00d6sterreich. Ein Begleiter f\u00fcr einen sch\u00f6nen Anlass. Gr\u00f6\u00dfenverstellbar.\" \/>\n<meta property=\"og:url\" content=\"https:\/\/www.atelier-sacher.at\/?product=amreif-aus-messing-im-glitzerlook\" \/>\n<meta property=\"og:site_name\" content=\"ATELIER SACHER\" \/>\n<meta property=\"article:modified_time\" content=\"2026-03-06T10:55:21+00:00\" \/>\n<meta property=\"og:image\" content=\"https:\/\/www.atelier-sacher.at\/wp-content\/uploads\/2025\/11\/DSC04143-scaled-e1763559095305.jpg\" \/>\n\t<meta property=\"og:image:width\" content=\"1455\" \/>\n\t<meta property=\"og:image:height\" content=\"2483\" \/>\n\t<meta property=\"og:image:type\" content=\"image\/jpeg\" \/>\n<meta name=\"twitter:card\" content=\"summary_large_image\" \/>\n<meta name=\"twitter:label1\" content=\"Gesch\u00e4tzte Lesezeit\" \/>\n\t<meta name=\"twitter:data1\" content=\"1\u00a0Minute\" \/>\n<script type=\"application\/ld+json\" class=\"yoast-schema-graph\">{\"@context\":\"https:\/\/schema.org\",\"@graph\":[{\"@type\":\"WebPage\",\"@id\":\"https:\/\/www.atelier-sacher.at\/?product=amreif-aus-messing-im-glitzerlook\",\"url\":\"https:\/\/www.atelier-sacher.at\/?product=amreif-aus-messing-im-glitzerlook\",\"name\":\"Venia - ATELIER SACHER\",\"isPartOf\":{\"@id\":\"https:\/\/www.atelier-sacher.at\/#website\"},\"primaryImageOfPage\":{\"@id\":\"https:\/\/www.atelier-sacher.at\/?product=amreif-aus-messing-im-glitzerlook#primaryimage\"},\"image\":{\"@id\":\"https:\/\/www.atelier-sacher.at\/?product=amreif-aus-messing-im-glitzerlook#primaryimage\"},\"thumbnailUrl\":\"https:\/\/www.atelier-sacher.at\/wp-content\/uploads\/2025\/11\/DSC04143-scaled-e1763559095305.jpg\",\"datePublished\":\"2025-11-19T13:36:37+00:00\",\"dateModified\":\"2026-03-06T10:55:21+00:00\",\"description\":\"Armreif, hergestellt aus 100% hochwertigem Messing in \u00d6sterreich. Ein Begleiter f\u00fcr einen sch\u00f6nen Anlass. Gr\u00f6\u00dfenverstellbar.\",\"breadcrumb\":{\"@id\":\"https:\/\/www.atelier-sacher.at\/?product=amreif-aus-messing-im-glitzerlook#breadcrumb\"},\"inLanguage\":\"de\",\"potentialAction\":[{\"@type\":\"ReadAction\",\"target\":[\"https:\/\/www.atelier-sacher.at\/?product=amreif-aus-messing-im-glitzerlook\"]}]},{\"@type\":\"ImageObject\",\"inLanguage\":\"de\",\"@id\":\"https:\/\/www.atelier-sacher.at\/?product=amreif-aus-messing-im-glitzerlook#primaryimage\",\"url\":\"https:\/\/www.atelier-sacher.at\/wp-content\/uploads\/2025\/11\/DSC04143-scaled-e1763559095305.jpg\",\"contentUrl\":\"https:\/\/www.atelier-sacher.at\/wp-content\/uploads\/2025\/11\/DSC04143-scaled-e1763559095305.jpg\",\"width\":1455,\"height\":2483},{\"@type\":\"BreadcrumbList\",\"@id\":\"https:\/\/www.atelier-sacher.at\/?product=amreif-aus-messing-im-glitzerlook#breadcrumb\",\"itemListElement\":[{\"@type\":\"ListItem\",\"position\":1,\"name\":\"Start\",\"item\":\"https:\/\/www.atelier-sacher.at\/\"},{\"@type\":\"ListItem\",\"position\":2,\"name\":\"Shop\",\"item\":\"https:\/\/www.atelier-sacher.at\/?page_id=7\"},{\"@type\":\"ListItem\",\"position\":3,\"name\":\"Venia\"}]},{\"@type\":\"WebSite\",\"@id\":\"https:\/\/www.atelier-sacher.at\/#website\",\"url\":\"https:\/\/www.atelier-sacher.at\/\",\"name\":\"Atelier Sacher\",\"description\":\"Handgefertigter Schmuck aus \u00d6sterreich\",\"publisher\":{\"@id\":\"https:\/\/www.atelier-sacher.at\/#organization\"},\"potentialAction\":[{\"@type\":\"SearchAction\",\"target\":{\"@type\":\"EntryPoint\",\"urlTemplate\":\"https:\/\/www.atelier-sacher.at\/?s={search_term_string}\"},\"query-input\":{\"@type\":\"PropertyValueSpecification\",\"valueRequired\":true,\"valueName\":\"search_term_string\"}}],\"inLanguage\":\"de\"},{\"@type\":\"Organization\",\"@id\":\"https:\/\/www.atelier-sacher.at\/#organization\",\"name\":\"Atelier Sacher\",\"url\":\"https:\/\/www.atelier-sacher.at\/\",\"logo\":{\"@type\":\"ImageObject\",\"inLanguage\":\"de\",\"@id\":\"https:\/\/www.atelier-sacher.at\/#\/schema\/logo\/image\/\",\"url\":\"https:\/\/www.atelier-sacher.at\/wp-content\/uploads\/2025\/12\/Logo.jpg\",\"contentUrl\":\"https:\/\/www.atelier-sacher.at\/wp-content\/uploads\/2025\/12\/Logo.jpg\",\"width\":183,\"height\":192,\"caption\":\"Atelier Sacher\"},\"image\":{\"@id\":\"https:\/\/www.atelier-sacher.at\/#\/schema\/logo\/image\/\"}}]}<\/script>\n<!-- \/ Yoast SEO plugin. -->","yoast_head_json":{"title":"Venia - ATELIER SACHER","description":"Armreif, hergestellt aus 100% hochwertigem Messing in \u00d6sterreich. Ein Begleiter f\u00fcr einen sch\u00f6nen Anlass. Gr\u00f6\u00dfenverstellbar.","robots":{"index":"index","follow":"follow","max-snippet":"max-snippet:-1","max-image-preview":"max-image-preview:large","max-video-preview":"max-video-preview:-1"},"canonical":"https:\/\/www.atelier-sacher.at\/?product=amreif-aus-messing-im-glitzerlook","og_locale":"de_DE","og_type":"article","og_title":"Venia - ATELIER SACHER","og_description":"Armreif, hergestellt aus 100% hochwertigem Messing in \u00d6sterreich. Ein Begleiter f\u00fcr einen sch\u00f6nen Anlass. Gr\u00f6\u00dfenverstellbar.","og_url":"https:\/\/www.atelier-sacher.at\/?product=amreif-aus-messing-im-glitzerlook","og_site_name":"ATELIER SACHER","article_modified_time":"2026-03-06T10:55:21+00:00","og_image":[{"width":1455,"height":2483,"url":"https:\/\/www.atelier-sacher.at\/wp-content\/uploads\/2025\/11\/DSC04143-scaled-e1763559095305.jpg","type":"image\/jpeg"}],"twitter_card":"summary_large_image","twitter_misc":{"Gesch\u00e4tzte Lesezeit":"1\u00a0Minute"},"schema":{"@context":"https:\/\/schema.org","@graph":[{"@type":"WebPage","@id":"https:\/\/www.atelier-sacher.at\/?product=amreif-aus-messing-im-glitzerlook","url":"https:\/\/www.atelier-sacher.at\/?product=amreif-aus-messing-im-glitzerlook","name":"Venia - ATELIER SACHER","isPartOf":{"@id":"https:\/\/www.atelier-sacher.at\/#website"},"primaryImageOfPage":{"@id":"https:\/\/www.atelier-sacher.at\/?product=amreif-aus-messing-im-glitzerlook#primaryimage"},"image":{"@id":"https:\/\/www.atelier-sacher.at\/?product=amreif-aus-messing-im-glitzerlook#primaryimage"},"thumbnailUrl":"https:\/\/www.atelier-sacher.at\/wp-content\/uploads\/2025\/11\/DSC04143-scaled-e1763559095305.jpg","datePublished":"2025-11-19T13:36:37+00:00","dateModified":"2026-03-06T10:55:21+00:00","description":"Armreif, hergestellt aus 100% hochwertigem Messing in \u00d6sterreich. Ein Begleiter f\u00fcr einen sch\u00f6nen Anlass. Gr\u00f6\u00dfenverstellbar.","breadcrumb":{"@id":"https:\/\/www.atelier-sacher.at\/?product=amreif-aus-messing-im-glitzerlook#breadcrumb"},"inLanguage":"de","potentialAction":[{"@type":"ReadAction","target":["https:\/\/www.atelier-sacher.at\/?product=amreif-aus-messing-im-glitzerlook"]}]},{"@type":"ImageObject","inLanguage":"de","@id":"https:\/\/www.atelier-sacher.at\/?product=amreif-aus-messing-im-glitzerlook#primaryimage","url":"https:\/\/www.atelier-sacher.at\/wp-content\/uploads\/2025\/11\/DSC04143-scaled-e1763559095305.jpg","contentUrl":"https:\/\/www.atelier-sacher.at\/wp-content\/uploads\/2025\/11\/DSC04143-scaled-e1763559095305.jpg","width":1455,"height":2483},{"@type":"BreadcrumbList","@id":"https:\/\/www.atelier-sacher.at\/?product=amreif-aus-messing-im-glitzerlook#breadcrumb","itemListElement":[{"@type":"ListItem","position":1,"name":"Start","item":"https:\/\/www.atelier-sacher.at\/"},{"@type":"ListItem","position":2,"name":"Shop","item":"https:\/\/www.atelier-sacher.at\/?page_id=7"},{"@type":"ListItem","position":3,"name":"Venia"}]},{"@type":"WebSite","@id":"https:\/\/www.atelier-sacher.at\/#website","url":"https:\/\/www.atelier-sacher.at\/","name":"Atelier Sacher","description":"Handgefertigter Schmuck aus \u00d6sterreich","publisher":{"@id":"https:\/\/www.atelier-sacher.at\/#organization"},"potentialAction":[{"@type":"SearchAction","target":{"@type":"EntryPoint","urlTemplate":"https:\/\/www.atelier-sacher.at\/?s={search_term_string}"},"query-input":{"@type":"PropertyValueSpecification","valueRequired":true,"valueName":"search_term_string"}}],"inLanguage":"de"},{"@type":"Organization","@id":"https:\/\/www.atelier-sacher.at\/#organization","name":"Atelier Sacher","url":"https:\/\/www.atelier-sacher.at\/","logo":{"@type":"ImageObject","inLanguage":"de","@id":"https:\/\/www.atelier-sacher.at\/#\/schema\/logo\/image\/","url":"https:\/\/www.atelier-sacher.at\/wp-content\/uploads\/2025\/12\/Logo.jpg","contentUrl":"https:\/\/www.atelier-sacher.at\/wp-content\/uploads\/2025\/12\/Logo.jpg","width":183,"height":192,"caption":"Atelier Sacher"},"image":{"@id":"https:\/\/www.atelier-sacher.at\/#\/schema\/logo\/image\/"}}]}},"_links":{"self":[{"href":"https:\/\/www.atelier-sacher.at\/index.php?rest_route=\/wp\/v2\/product\/393","targetHints":{"allow":["GET"]}}],"collection":[{"href":"https:\/\/www.atelier-sacher.at\/index.php?rest_route=\/wp\/v2\/product"}],"about":[{"href":"https:\/\/www.atelier-sacher.at\/index.php?rest_route=\/wp\/v2\/types\/product"}],"version-history":[{"count":3,"href":"https:\/\/www.atelier-sacher.at\/index.php?rest_route=\/wp\/v2\/product\/393\/revisions"}],"predecessor-version":[{"id":776,"href":"https:\/\/www.atelier-sacher.at\/index.php?rest_route=\/wp\/v2\/product\/393\/revisions\/776"}],"wp:featuredmedia":[{"embeddable":true,"href":"https:\/\/www.atelier-sacher.at\/index.php?rest_route=\/wp\/v2\/media\/394"}],"wp:attachment":[{"href":"https:\/\/www.atelier-sacher.at\/index.php?rest_route=%2Fwp%2Fv2%2Fmedia&parent=393"}],"wp:term":[{"taxonomy":"product_brand","embeddable":true,"href":"https:\/\/www.atelier-sacher.at\/index.php?rest_route=%2Fwp%2Fv2%2Fproduct_brand&post=393"},{"taxonomy":"product_cat","embeddable":true,"href":"https:\/\/www.atelier-sacher.at\/index.php?rest_route=%2Fwp%2Fv2%2Fproduct_cat&post=393"},{"taxonomy":"product_tag","embeddable":true,"href":"https:\/\/www.atelier-sacher.at\/index.php?rest_route=%2Fwp%2Fv2%2Fproduct_tag&post=393"}],"curies":[{"name":"wp","href":"https:\/\/api.w.org\/{rel}","templated":true}]}}